{"id":24563,"date":"2020-09-29T11:42:42","date_gmt":"2020-09-29T09:42:42","guid":{"rendered":"https:\/\/echt-koeln.de\/passeggiate-in-citta-a-colonia\/"},"modified":"2025-11-17T15:22:22","modified_gmt":"2025-11-17T14:22:22","slug":"passeggiate-in-citta-a-colonia","status":"publish","type":"page","link":"https:\/\/echt-koeln.de\/it\/tour\/passeggiate-in-citta-a-colonia\/","title":{"rendered":"Passeggiate in citt\u00e0 a Colonia"},"content":{"rendered":"\n<p>Passeggia per Colonia e scopri la tua citt\u00e0 in un modo completamente nuovo.  <\/p>\n\n<p>Unisciti a noi nelle nostre passeggiate in citt\u00e0 a Colonia. Ci prendiamo il nostro tempo e ci allontaniamo dai sentieri pi\u00f9 battuti. C&#8217;\u00e8 molto da scoprire in 2.000 anni di storia della citt\u00e0.    <\/p>\n\n<p>Forse ne hai gi\u00e0 viste molte, ma quando ti racconteremo le storie, vedrai la tua citt\u00e0 con occhi diversi.<\/p>\n\n<p>Conosci l&#8217;Overstolzenhaus o il Fassnachtsbrunnen, St Gregorius im Elend e lo Stavenhof, la Malakoffturm e il Grink\u00f6pfe?  <\/p>\n\n<p>Passeggiamo con te per la citt\u00e0 e ti mostriamo Colonia in modo tranquillo, competente e divertente. Al momento offriamo passeggiate in citt\u00e0 solo per gruppi. Contattaci.  <\/p>\n<div class=\"gb-container gb-container-dd25cd9c\"><div class=\"gb-inside-container\">\n<div class=\"ultp-not-found-message\" role=\"alert\">No Post Found<\/div>\n<\/div><\/div>","protected":false},"excerpt":{"rendered":"<p>Scopri i consigli degli addetti ai lavori, gli angoli sconosciuti e gli edifici magnifici<\/p>\n","protected":false},"author":2,"featured_media":22776,"parent":24922,"menu_order":55,"comment_status":"closed","ping_status":"closed","template":"","meta":{"footnotes":""},"class_list":["post-24563","page","type-page","status-publish","has-post-thumbnail"],"yoast_head":"<!-- This site is optimized with the Yoast SEO plugin v27.5 - https:\/\/yoast.com\/product\/yoast-seo-wordpress\/ -->\n<title>Passeggiate in citt\u00e0 a Colonia | vera Colonia<\/title>\n<meta name=\"description\" content=\"Riscopri la citt\u00e0 della cattedrale con le nostre passeggiate a Colonia. Trova i posti liberi e prenota subito online.\" \/>\n<meta name=\"robots\" content=\"index, follow, max-snippet:-1, max-image-preview:large, max-video-preview:-1\" \/>\n<link rel=\"canonical\" href=\"https:\/\/echt-koeln.de\/it\/tour\/passeggiate-in-citta-a-colonia\/\" \/>\n<meta property=\"og:locale\" content=\"it_IT\" \/>\n<meta property=\"og:type\" content=\"article\" \/>\n<meta property=\"og:title\" content=\"Passeggiate in citt\u00e0 a Colonia | vera Colonia\" \/>\n<meta property=\"og:description\" content=\"Riscopri la citt\u00e0 della cattedrale con le nostre passeggiate a Colonia. Trova i posti liberi e prenota subito online.\" \/>\n<meta property=\"og:url\" content=\"https:\/\/echt-koeln.de\/it\/tour\/passeggiate-in-citta-a-colonia\/\" \/>\n<meta property=\"og:site_name\" content=\"echt K\u00f6ln Stadtf\u00fchrungen\" \/>\n<meta property=\"article:modified_time\" content=\"2025-11-17T14:22:22+00:00\" \/>\n<meta property=\"og:image\" content=\"https:\/\/echt-koeln.de\/wp-content\/uploads\/2022\/03\/img-5436.jpg\" \/>\n\t<meta property=\"og:image:width\" content=\"2048\" \/>\n\t<meta property=\"og:image:height\" content=\"1536\" \/>\n\t<meta property=\"og:image:type\" content=\"image\/jpeg\" \/>\n<meta name=\"twitter:card\" content=\"summary_large_image\" \/>\n<meta name=\"twitter:label1\" content=\"Tempo di lettura stimato\" \/>\n\t<meta name=\"twitter:data1\" content=\"1 minuto\" \/>\n<script type=\"application\/ld+json\" class=\"yoast-schema-graph\">{\"@context\":\"https:\\\/\\\/schema.org\",\"@graph\":[{\"@type\":\"WebPage\",\"@id\":\"https:\\\/\\\/echt-koeln.de\\\/it\\\/tour\\\/passeggiate-in-citta-a-colonia\\\/\",\"url\":\"https:\\\/\\\/echt-koeln.de\\\/it\\\/tour\\\/passeggiate-in-citta-a-colonia\\\/\",\"name\":\"Passeggiate in citt\u00e0 a Colonia | vera Colonia\",\"isPartOf\":{\"@id\":\"https:\\\/\\\/echt-koeln.de\\\/it\\\/#website\"},\"primaryImageOfPage\":{\"@id\":\"https:\\\/\\\/echt-koeln.de\\\/it\\\/tour\\\/passeggiate-in-citta-a-colonia\\\/#primaryimage\"},\"image\":{\"@id\":\"https:\\\/\\\/echt-koeln.de\\\/it\\\/tour\\\/passeggiate-in-citta-a-colonia\\\/#primaryimage\"},\"thumbnailUrl\":\"https:\\\/\\\/echt-koeln.de\\\/wp-content\\\/uploads\\\/2022\\\/03\\\/img-5436.jpg\",\"datePublished\":\"2020-09-29T09:42:42+00:00\",\"dateModified\":\"2025-11-17T14:22:22+00:00\",\"description\":\"Riscopri la citt\u00e0 della cattedrale con le nostre passeggiate a Colonia. Trova i posti liberi e prenota subito online.\",\"breadcrumb\":{\"@id\":\"https:\\\/\\\/echt-koeln.de\\\/it\\\/tour\\\/passeggiate-in-citta-a-colonia\\\/#breadcrumb\"},\"inLanguage\":\"it-IT\",\"potentialAction\":[{\"@type\":\"ReadAction\",\"target\":[\"https:\\\/\\\/echt-koeln.de\\\/it\\\/tour\\\/passeggiate-in-citta-a-colonia\\\/\"]}]},{\"@type\":\"ImageObject\",\"inLanguage\":\"it-IT\",\"@id\":\"https:\\\/\\\/echt-koeln.de\\\/it\\\/tour\\\/passeggiate-in-citta-a-colonia\\\/#primaryimage\",\"url\":\"https:\\\/\\\/echt-koeln.de\\\/wp-content\\\/uploads\\\/2022\\\/03\\\/img-5436.jpg\",\"contentUrl\":\"https:\\\/\\\/echt-koeln.de\\\/wp-content\\\/uploads\\\/2022\\\/03\\\/img-5436.jpg\",\"width\":2048,\"height\":1536},{\"@type\":\"BreadcrumbList\",\"@id\":\"https:\\\/\\\/echt-koeln.de\\\/it\\\/tour\\\/passeggiate-in-citta-a-colonia\\\/#breadcrumb\",\"itemListElement\":[{\"@type\":\"ListItem\",\"position\":1,\"name\":\"Startseite\",\"item\":\"https:\\\/\\\/echt-koeln.de\\\/it\\\/\"},{\"@type\":\"ListItem\",\"position\":2,\"name\":\"Tour\",\"item\":\"https:\\\/\\\/echt-koeln.de\\\/it\\\/tour\\\/\"},{\"@type\":\"ListItem\",\"position\":3,\"name\":\"Passeggiate in citt\u00e0 a Colonia\"}]},{\"@type\":\"WebSite\",\"@id\":\"https:\\\/\\\/echt-koeln.de\\\/it\\\/#website\",\"url\":\"https:\\\/\\\/echt-koeln.de\\\/it\\\/\",\"name\":\"echt K\u00f6ln\",\"description\":\"Begegnungen mit einer ganz besonderen Stadt\",\"publisher\":{\"@id\":\"https:\\\/\\\/echt-koeln.de\\\/it\\\/#\\\/schema\\\/person\\\/fafc759c78f6aa21c8fe344f16d37d07\"},\"potentialAction\":[{\"@type\":\"SearchAction\",\"target\":{\"@type\":\"EntryPoint\",\"urlTemplate\":\"https:\\\/\\\/echt-koeln.de\\\/it\\\/?s={search_term_string}\"},\"query-input\":{\"@type\":\"PropertyValueSpecification\",\"valueRequired\":true,\"valueName\":\"search_term_string\"}}],\"inLanguage\":\"it-IT\"},{\"@type\":[\"Person\",\"Organization\"],\"@id\":\"https:\\\/\\\/echt-koeln.de\\\/it\\\/#\\\/schema\\\/person\\\/fafc759c78f6aa21c8fe344f16d37d07\",\"name\":\"Markus Zens\",\"image\":{\"@type\":\"ImageObject\",\"inLanguage\":\"it-IT\",\"@id\":\"https:\\\/\\\/echt-koeln.de\\\/wp-content\\\/uploads\\\/2020\\\/09\\\/cropped-echt_koeln_logo_klein.jpg\",\"url\":\"https:\\\/\\\/echt-koeln.de\\\/wp-content\\\/uploads\\\/2020\\\/09\\\/cropped-echt_koeln_logo_klein.jpg\",\"contentUrl\":\"https:\\\/\\\/echt-koeln.de\\\/wp-content\\\/uploads\\\/2020\\\/09\\\/cropped-echt_koeln_logo_klein.jpg\",\"width\":2000,\"height\":400,\"caption\":\"Markus Zens\"},\"logo\":{\"@id\":\"https:\\\/\\\/echt-koeln.de\\\/wp-content\\\/uploads\\\/2020\\\/09\\\/cropped-echt_koeln_logo_klein.jpg\"}}]}<\/script>\n<!-- \/ Yoast SEO plugin. -->","yoast_head_json":{"title":"Passeggiate in citt\u00e0 a Colonia | vera Colonia","description":"Riscopri la citt\u00e0 della cattedrale con le nostre passeggiate a Colonia. Trova i posti liberi e prenota subito online.","robots":{"index":"index","follow":"follow","max-snippet":"max-snippet:-1","max-image-preview":"max-image-preview:large","max-video-preview":"max-video-preview:-1"},"canonical":"https:\/\/echt-koeln.de\/it\/tour\/passeggiate-in-citta-a-colonia\/","og_locale":"it_IT","og_type":"article","og_title":"Passeggiate in citt\u00e0 a Colonia | vera Colonia","og_description":"Riscopri la citt\u00e0 della cattedrale con le nostre passeggiate a Colonia. Trova i posti liberi e prenota subito online.","og_url":"https:\/\/echt-koeln.de\/it\/tour\/passeggiate-in-citta-a-colonia\/","og_site_name":"echt K\u00f6ln Stadtf\u00fchrungen","article_modified_time":"2025-11-17T14:22:22+00:00","og_image":[{"width":2048,"height":1536,"url":"https:\/\/echt-koeln.de\/wp-content\/uploads\/2022\/03\/img-5436.jpg","type":"image\/jpeg"}],"twitter_card":"summary_large_image","twitter_misc":{"Tempo di lettura stimato":"1 minuto"},"schema":{"@context":"https:\/\/schema.org","@graph":[{"@type":"WebPage","@id":"https:\/\/echt-koeln.de\/it\/tour\/passeggiate-in-citta-a-colonia\/","url":"https:\/\/echt-koeln.de\/it\/tour\/passeggiate-in-citta-a-colonia\/","name":"Passeggiate in citt\u00e0 a Colonia | vera Colonia","isPartOf":{"@id":"https:\/\/echt-koeln.de\/it\/#website"},"primaryImageOfPage":{"@id":"https:\/\/echt-koeln.de\/it\/tour\/passeggiate-in-citta-a-colonia\/#primaryimage"},"image":{"@id":"https:\/\/echt-koeln.de\/it\/tour\/passeggiate-in-citta-a-colonia\/#primaryimage"},"thumbnailUrl":"https:\/\/echt-koeln.de\/wp-content\/uploads\/2022\/03\/img-5436.jpg","datePublished":"2020-09-29T09:42:42+00:00","dateModified":"2025-11-17T14:22:22+00:00","description":"Riscopri la citt\u00e0 della cattedrale con le nostre passeggiate a Colonia. Trova i posti liberi e prenota subito online.","breadcrumb":{"@id":"https:\/\/echt-koeln.de\/it\/tour\/passeggiate-in-citta-a-colonia\/#breadcrumb"},"inLanguage":"it-IT","potentialAction":[{"@type":"ReadAction","target":["https:\/\/echt-koeln.de\/it\/tour\/passeggiate-in-citta-a-colonia\/"]}]},{"@type":"ImageObject","inLanguage":"it-IT","@id":"https:\/\/echt-koeln.de\/it\/tour\/passeggiate-in-citta-a-colonia\/#primaryimage","url":"https:\/\/echt-koeln.de\/wp-content\/uploads\/2022\/03\/img-5436.jpg","contentUrl":"https:\/\/echt-koeln.de\/wp-content\/uploads\/2022\/03\/img-5436.jpg","width":2048,"height":1536},{"@type":"BreadcrumbList","@id":"https:\/\/echt-koeln.de\/it\/tour\/passeggiate-in-citta-a-colonia\/#breadcrumb","itemListElement":[{"@type":"ListItem","position":1,"name":"Startseite","item":"https:\/\/echt-koeln.de\/it\/"},{"@type":"ListItem","position":2,"name":"Tour","item":"https:\/\/echt-koeln.de\/it\/tour\/"},{"@type":"ListItem","position":3,"name":"Passeggiate in citt\u00e0 a Colonia"}]},{"@type":"WebSite","@id":"https:\/\/echt-koeln.de\/it\/#website","url":"https:\/\/echt-koeln.de\/it\/","name":"echt K\u00f6ln","description":"Begegnungen mit einer ganz besonderen Stadt","publisher":{"@id":"https:\/\/echt-koeln.de\/it\/#\/schema\/person\/fafc759c78f6aa21c8fe344f16d37d07"},"potentialAction":[{"@type":"SearchAction","target":{"@type":"EntryPoint","urlTemplate":"https:\/\/echt-koeln.de\/it\/?s={search_term_string}"},"query-input":{"@type":"PropertyValueSpecification","valueRequired":true,"valueName":"search_term_string"}}],"inLanguage":"it-IT"},{"@type":["Person","Organization"],"@id":"https:\/\/echt-koeln.de\/it\/#\/schema\/person\/fafc759c78f6aa21c8fe344f16d37d07","name":"Markus Zens","image":{"@type":"ImageObject","inLanguage":"it-IT","@id":"https:\/\/echt-koeln.de\/wp-content\/uploads\/2020\/09\/cropped-echt_koeln_logo_klein.jpg","url":"https:\/\/echt-koeln.de\/wp-content\/uploads\/2020\/09\/cropped-echt_koeln_logo_klein.jpg","contentUrl":"https:\/\/echt-koeln.de\/wp-content\/uploads\/2020\/09\/cropped-echt_koeln_logo_klein.jpg","width":2000,"height":400,"caption":"Markus Zens"},"logo":{"@id":"https:\/\/echt-koeln.de\/wp-content\/uploads\/2020\/09\/cropped-echt_koeln_logo_klein.jpg"}}]}},"_links":{"self":[{"href":"https:\/\/echt-koeln.de\/it\/wp-json\/wp\/v2\/pages\/24563","targetHints":{"allow":["GET"]}}],"collection":[{"href":"https:\/\/echt-koeln.de\/it\/wp-json\/wp\/v2\/pages"}],"about":[{"href":"https:\/\/echt-koeln.de\/it\/wp-json\/wp\/v2\/types\/page"}],"author":[{"embeddable":true,"href":"https:\/\/echt-koeln.de\/it\/wp-json\/wp\/v2\/users\/2"}],"replies":[{"embeddable":true,"href":"https:\/\/echt-koeln.de\/it\/wp-json\/wp\/v2\/comments?post=24563"}],"version-history":[{"count":1,"href":"https:\/\/echt-koeln.de\/it\/wp-json\/wp\/v2\/pages\/24563\/revisions"}],"predecessor-version":[{"id":24564,"href":"https:\/\/echt-koeln.de\/it\/wp-json\/wp\/v2\/pages\/24563\/revisions\/24564"}],"up":[{"embeddable":true,"href":"https:\/\/echt-koeln.de\/it\/wp-json\/wp\/v2\/pages\/24922"}],"wp:featuredmedia":[{"embeddable":true,"href":"https:\/\/echt-koeln.de\/it\/wp-json\/wp\/v2\/media\/22776"}],"wp:attachment":[{"href":"https:\/\/echt-koeln.de\/it\/wp-json\/wp\/v2\/media?parent=24563"}],"curies":[{"name":"wp","href":"https:\/\/api.w.org\/{rel}","templated":true}]}}

Passeggiate in città a Colonia

<p>Passeggia per Colonia e scopri la tua città in un modo completamente nuovo.  </p>

<p>Unisciti a noi nelle nostre passeggiate in città a Colonia. Ci prendiamo il nostro tempo e ci allontaniamo dai sentieri più battuti. C&#8217;è molto da scoprire in 2.000 anni di storia della città.    </p>

<p>Forse ne hai già viste molte, ma quando ti racconteremo le storie, vedrai la tua città con occhi diversi.</p>

<p>Conosci l&#8217;Overstolzenhaus o il Fassnachtsbrunnen, St Gregorius im Elend e lo Stavenhof, la Malakoffturm e il Grinköpfe?  </p>

<p>Passeggiamo con te per la città e ti mostriamo Colonia in modo tranquillo, competente e divertente. Al momento offriamo passeggiate in città solo per gruppi. Contattaci.  </p>
<div class="gb-container gb-container-dd25cd9c"><div class="gb-inside-container">
<div class="ultp-not-found-message" role="alert">No Post Found</div>
</div></div>

<!-- This site is optimized with the Yoast SEO plugin v27.5 - https://yoast.com/product/yoast-seo-wordpress/ -->
<title>Passeggiate in città a Colonia | vera Colonia</title>
<meta name="description" content="Riscopri la città della cattedrale con le nostre passeggiate a Colonia. Trova i posti liberi e prenota subito online." />
<meta name="robots" content="index, follow, max-snippet:-1, max-image-preview:large, max-video-preview:-1" />
<link rel="canonical" href="https://echt-koeln.de/it/tour/passeggiate-in-citta-a-colonia/" />
<meta property="og:locale" content="it_IT" />
<meta property="og:type" content="article" />
<meta property="og:title" content="Passeggiate in città a Colonia | vera Colonia" />
<meta property="og:description" content="Riscopri la città della cattedrale con le nostre passeggiate a Colonia. Trova i posti liberi e prenota subito online." />
<meta property="og:url" content="https://echt-koeln.de/it/tour/passeggiate-in-citta-a-colonia/" />
<meta property="og:site_name" content="echt Köln Stadtführungen" />
<meta property="article:modified_time" content="2025-11-17T14:22:22+00:00" />
<meta property="og:image" content="https://echt-koeln.de/wp-content/uploads/2022/03/img-5436.jpg" />
	<meta property="og:image:width" content="2048" />
	<meta property="og:image:height" content="1536" />
	<meta property="og:image:type" content="image/jpeg" />
<meta name="twitter:card" content="summary_large_image" />
<meta name="twitter:label1" content="Tempo di lettura stimato" />
	<meta name="twitter:data1" content="1 minuto" />
<script type="application/ld+json" class="yoast-schema-graph">{"@context":"https:\/\/schema.org","@graph":[{"@type":"WebPage","@id":"https:\/\/echt-koeln.de\/it\/tour\/passeggiate-in-citta-a-colonia\/","url":"https:\/\/echt-koeln.de\/it\/tour\/passeggiate-in-citta-a-colonia\/","name":"Passeggiate in città a Colonia | vera Colonia","isPartOf":{"@id":"https:\/\/echt-koeln.de\/it\/#website"},"primaryImageOfPage":{"@id":"https:\/\/echt-koeln.de\/it\/tour\/passeggiate-in-citta-a-colonia\/#primaryimage"},"image":{"@id":"https:\/\/echt-koeln.de\/it\/tour\/passeggiate-in-citta-a-colonia\/#primaryimage"},"thumbnailUrl":"https:\/\/echt-koeln.de\/wp-content\/uploads\/2022\/03\/img-5436.jpg","datePublished":"2020-09-29T09:42:42+00:00","dateModified":"2025-11-17T14:22:22+00:00","description":"Riscopri la città della cattedrale con le nostre passeggiate a Colonia. Trova i posti liberi e prenota subito online.","breadcrumb":{"@id":"https:\/\/echt-koeln.de\/it\/tour\/passeggiate-in-citta-a-colonia\/#breadcrumb"},"inLanguage":"it-IT","potentialAction":[{"@type":"ReadAction","target":["https:\/\/echt-koeln.de\/it\/tour\/passeggiate-in-citta-a-colonia\/"]}]},{"@type":"ImageObject","inLanguage":"it-IT","@id":"https:\/\/echt-koeln.de\/it\/tour\/passeggiate-in-citta-a-colonia\/#primaryimage","url":"https:\/\/echt-koeln.de\/wp-content\/uploads\/2022\/03\/img-5436.jpg","contentUrl":"https:\/\/echt-koeln.de\/wp-content\/uploads\/2022\/03\/img-5436.jpg","width":2048,"height":1536},{"@type":"BreadcrumbList","@id":"https:\/\/echt-koeln.de\/it\/tour\/passeggiate-in-citta-a-colonia\/#breadcrumb","itemListElement":[{"@type":"ListItem","position":1,"name":"Startseite","item":"https:\/\/echt-koeln.de\/it\/"},{"@type":"ListItem","position":2,"name":"Tour","item":"https:\/\/echt-koeln.de\/it\/tour\/"},{"@type":"ListItem","position":3,"name":"Passeggiate in città a Colonia"}]},{"@type":"WebSite","@id":"https:\/\/echt-koeln.de\/it\/#website","url":"https:\/\/echt-koeln.de\/it\/","name":"echt Köln","description":"Begegnungen mit einer ganz besonderen Stadt","publisher":{"@id":"https:\/\/echt-koeln.de\/it\/#\/schema\/person\/fafc759c78f6aa21c8fe344f16d37d07"},"potentialAction":[{"@type":"SearchAction","target":{"@type":"EntryPoint","urlTemplate":"https:\/\/echt-koeln.de\/it\/?s={search_term_string}"},"query-input":{"@type":"PropertyValueSpecification","valueRequired":true,"valueName":"search_term_string"}}],"inLanguage":"it-IT"},{"@type":["Person","Organization"],"@id":"https:\/\/echt-koeln.de\/it\/#\/schema\/person\/fafc759c78f6aa21c8fe344f16d37d07","name":"Markus Zens","image":{"@type":"ImageObject","inLanguage":"it-IT","@id":"https:\/\/echt-koeln.de\/wp-content\/uploads\/2020\/09\/cropped-echt_koeln_logo_klein.jpg","url":"https:\/\/echt-koeln.de\/wp-content\/uploads\/2020\/09\/cropped-echt_koeln_logo_klein.jpg","contentUrl":"https:\/\/echt-koeln.de\/wp-content\/uploads\/2020\/09\/cropped-echt_koeln_logo_klein.jpg","width":2000,"height":400,"caption":"Markus Zens"},"logo":{"@id":"https:\/\/echt-koeln.de\/wp-content\/uploads\/2020\/09\/cropped-echt_koeln_logo_klein.jpg"}}]}</script>
<!-- / Yoast SEO plugin. -->

Passeggiate in città a Colonia | vera Colonia

Riscopri la città della cattedrale con le nostre passeggiate a Colonia. Trova i posti liberi e prenota subito online.

echt Köln Stadtführungen

echt Köln
